6. Calculate the highest common factor of i and u.
9
Let v = 896 + -869. Suppose 174 = v*u - 24*u. What is the highest common factor of 4 and u?
2
Suppose o = 8*y + 1786, 2*o + 0*o = 3*y + 3611. What is the highest common factor of 10 and o?
10
Let d(r) = -4*r**2 - 21*r - 18. Let w be d(-9). Let m = w + 210. Calculate the greatest common factor of m and 76.
19
Suppose -29*b - 2*f - 1832 = -33*b, -4*f = 3*b - 1341. What is the greatest common divisor of 1001 and b?
91
Let h be (2/6)/(1/(-3)). Let d = h + 15. Let r(y) = y**3 - 16*y**2 + 29*y - 7. Let p be r(d). Calculate the highest common factor of 28 and p.
7
Suppose -17*o - 237 = 443. Let p be 3/15 + (-792)/o. Suppose 49 = 5*h + 5*q - 86, -h + q = -33. What is the highest common divisor of p and h?
10
Let m be (-12 + -1*(-1 - 1))*115360/(-320). What is the highest common factor of 35 and m?
35
Let x = 532 + -926. Let i = x + 426. What is the highest common factor of i and 40?
8
Let b(z) = 4*z**2 + 6*z + 93. Let a be b(-6). Calculate the highest common divisor of a and 536.
67
Suppose 420 = 4*m - 2*a, -318 = -3*m + 15*a - 13*a. Let l be 18 - (-1 + 0 + 2). What is the greatest common factor of l and m?
17
Let k(o) = -o**2 - 5. Let t be k(-7). Let u be (-468)/t*(-351)/(-6). Calculate the highest common divisor of u and 39.
39
Let k(i) = 287*i**2 - 3*i - 11. Let b be k(-2). Let o be b/12 - 12/48. Calculate the highest common factor of 285 and o.
95
Let w be 2/((57/(-1805))/(6/(-4))). What is the greatest common divisor of w and 2983?
19
Suppose -2*u - 6 + 8 = 5*t, u - 2*t - 1 = 0. Suppose 3*s + 18 = -3*p + 54, -3*p + 3*s = -6. What is the highest common factor of p and u?
1
Let g(y) = y**2 + 12*y + 10. Let p be g(-11). Let c be (0 - p)/((-5)/(-60)). Let j be c*(80/15 + 0). What is the greatest common factor of 8 and j?
8
Suppose 0 = -3*g + 4*o, 0 = -3*g - 9*o + 7*o. Suppose g = -2*x - 2, 1619 = 7*i - 6*i - 3*x. What is the greatest common factor of 16 and i?
16
Suppose 3*h - 3*w - 4842 = 0, 0*w + w = -2*h + 3222. Let x = -2732 + 2784. Calculate the highest common divisor of h and x.
52
Let h be 4/10 + 1194/15. Suppose 49*q + 25*q - 740 = 0. What is the greatest common factor of h and q?
10
Suppose 107*b = 1846 + 294. What is the highest common factor of b and 13610?
10
Suppose 5*i - 113 = 3*r, 95 = 5*i + r + 6. Calculate the greatest common factor of i and 3952.
19
Suppose -2*c + 6952 = 4*p, 0 = -3*c + 33*p - 29*p + 10398. What is the greatest common divisor of 5 and c?
5
Let z(k) = -6*k**2 - 14*k - 3. Let h be z(-2). Let a be (h + 12/(-9))*-36. Calculate the highest common factor of 360 and a.
12
Let j(y) = -60*y - 221. Let q be j(-4). Let a(w) = -w**2 + 24*w + 31. Let h be a(q). What is the greatest common factor of h and 56?
14
Let i(w) = 3*w**3 - 12*w**2 + 16*w + 5. Let a be i(4). Let d(p) = -20*p - 8. Let u be d(-5). Calculate the highest common divisor of u and a.
23
Let i = -495 - -801. Let v(x) = -33*x**3 - 165*x**2 - 6*x + 4. Let q be v(-5). What is the highest common factor of i and q?
34
Suppose -13*n + 7669 = 2781. Let v = 29 + n. Calculate the highest common divisor of v and 54.
27
Suppose -10*j - 2*g = -2046, 6*g - 859 = -4*j + 11*g. What is the highest common factor of 9888 and j?
206
Let g = -179 - -181. Suppose -3*c - g*u + 63 = 0, 9*c + 3*u = 11*c - 42. Let y be (-28 - -4)*-7*1. What is the greatest common divisor of y and c?
21
Let a(o) = -1214*o - 179627. Let y be a(-148). Let l(g) = 57*g - 3. Let t be l(4). What is the highest common divisor of y and t?
45
Let a(r) = r**3 + 36*r**2 + 31*r + 40. Let v(u) = -u**3 + 26*u**2 + 27*u - 35. Let o be v(27). Let n be a(o). What is the greatest common factor of n and 72?
36
Suppose 0 = -2*x - 4*i + 316, 2*i + 103 - 753 = -4*x. Let h = x + -158. Calculate the highest common divisor of h and 39.
3
Suppose 16*o = 5*j + 12*o - 248, -4*j + o + 194 = 0. What is the highest common factor of j and 11784?
24
Let a be (6/16)/((-75)/50)*-20. Suppose -8*r = -4*r + a*i - 29, -21 = -4*r + 3*i. What is the greatest common factor of r and 12?
6
Suppose 3*v - 200 = 130. Let r = 93 + 121. Let p = r - 194. What is the highest common factor of v and p?
10
Let f(p) = 262*p - 466. Let o be f(15). What is the highest common divisor of 8 and o?
8
Let c = 57 - 15. Let q = 401 - 385. Suppose 0*m - q*m = -336. Calculate the greatest common divisor of m and c.
21
Suppose t = -y - 2*y + 501, -3*t = -4*y + 642. Calculate the greatest common factor of y and 9900.
165
Let q(a) = -107*a + 15. Let u be q(-2). Suppose u + 9 = 7*f. Let d be 17/3*4*6. What is the greatest common factor of d and f?
34
Suppose -2*b = -0*b - 120. Let z be 9/3*(5 - (-912)/(-18)). Let s = z - -152. What is the greatest common divisor of b and s?
15
Suppose -6*q = 13*q - 1197. Let w = 124 - 88. Calculate the greatest common factor of q and w.
9
Let g be (0 - -1)*(4 - -1). Suppose -i + 2*n = -3*n + 8, 0 = -g*i + 4*n - 19. Let r = 34 + i. Calculate the highest common factor of 93 and r.
31
Let p(a) = 33*a - 1126. Let f be p(46). Let o = 326 - 214. What is the highest common factor of o and f?
56
Let i = 24899 - 23483. What is the greatest common divisor of 24 and i?
24
Let l(m) = 949*m - 5628. Let b be l(6). Let v be (-1)/5 - (-642)/(-15). Let w = -21 - v. Calculate the greatest common factor of b and w.
22
Suppose -69*o + 52*o + 7140 = 0. Suppose -114 = 9*m - o. Calculate the highest common factor of m and 578.
34
Let t = 248 - 233. Let j be (-50)/15*12/10. Let z be (2 - 322/j)*2. What is the highest common factor of t and z?
15
Let z = 1836 - 1546. What is the greatest common divisor of 10 and z?
10
Suppose -439 = 2*i - 1279. Suppose 25*t = i + 1330. Calculate the highest common divisor of 455 and t.
35
Suppose -256*f = -233*f - 349508. What is the greatest common factor of f and 1310?
262
Suppose 142*x = 191*x - 4655. What is the greatest common divisor of x and 1387?
19
Suppose 38*b - 39834 = 13*b + 114566. What is the highest common factor of 16 and b?
16
Let w be ((-4)/(-6))/(13/234). Let u be (-5 - (2 - 6)) + 4. Suppose 0 = u*q - 7*s + 4*s - 69, -5*s - 7 = q. Calculate the greatest common divisor of w and q.
6
Let c be 2/(-6)*(-30 - -24). Suppose 0 = -c*v + v + j + 138, 0 = 3*v + 5*j - 414. Calculate the greatest common divisor of v and 345.
69
Suppose 0 = 286*d - 279*d - 19404. Calculate the highest common divisor of d and 44.
44
Suppose 86*d + 59*d - 6189149 = 1920121. Calculate the greatest common factor of 234 and d.
234
Suppose -22*r + 25*r = 15. Suppose 0 = -i - 2*f + 334, -i + r*i - 1324 = -2*f. Suppose -13*j + i = -8*j. Calculate the greatest common factor of 6 and j.
6
Let h be ((-164)/(-4))/(1*(-6)/(-24)). Suppose -101*b + 96*b + 20 = 0. What is the greatest common factor of h and b?
4
Let w(o) = 1973*o - 6. Let u be w(3). What is the highest common factor of 73 and u?
73
Let s(k) = 91*k - 1009. Let y be s(76). What is the highest common divisor of 33 and y?
33
Let z be -2 + (-12)/(-4) - -51. Let i = z + -49. Suppose -i*g - 792 = -7*g. What is the greatest common factor of 22 and g?
22
Suppose -10470 + 18573 + 11817 = 80*r. Calculate the greatest common divisor of 1660 and r.
83
Let b = 0 + 6. Let d be (2/b)/(1/6). Let y = -351 + 359. Calculate the greatest common factor of y and d.
2
Let d = 278317 - 278269. Let h be (-3)/(2*2/(-64)). What is the highest common divisor of h and d?
48
Let j = -63 + 113. Let f(v) = 0 + 8 + 460*v - 464*v. Let c be f(-3). Calculate the highest common factor of j and c.
10
Let u = -7 - -13. Let w(s) = -22 - 9 - 8 + 26 + 19*s - 11. Let h be w(u). What is the highest common divisor of h and 120?
30
Suppose 5516 = 4*o - 4*w, o - 3*w + 4143 = 4*o. Let v be o/36 + (-8)/(-3) + -2. Calculate the greatest common divisor of 3 and v.
3
Suppose 17*m + 93*m - 283968 = -26*m. Calculate the greatest common divisor of 288 and m.
72
Let m be -4 + (12/(-2) - -158). Let r = 488 - m. Calculate the greatest common divisor of 20 and r.
20
Suppose -104 = -3*b - r, -b + 20 = -5*r - 20. Let h be (-329)/(-2)*20/b. Let m = 190 - h. Calculate the highest common divisor of m and 24.
24
Suppose 2*c - 366 - 98 = -4*p, 5*p + 3*c = 579. What is the highest common divisor of p and 221?
13
Let q be -10*-116*(-10)/(-80). Calculate the greatest common factor of 928 and q.
29
Suppo